se -s - 88 = -5*a, -3*s + 4*s + 3 = 0. Calculate the remainder when o(-3) is divided by a.
15
Let a be (3/2)/((-12)/(-16)). Suppose -3*g - a*h - 6 = g, 5*g = -h - 9. Calculate the remainder when (-2 - 117/6)*g is divided by 15.
13
Calculate the remainder when 1*(104/4 - 2) is divided by 9.
6
What is the remainder when 144 is divided by 1/((-6)/(-240)) + -3?
33
Suppose 92 - 11 = 9*j. What is the remainder when 79 is divided by j?
7
Suppose -5*h = -10*h + 170. Let v = 56 - h. Suppose n = -n + 24. Calculate the remainder when v is divided by n.
10
Calculate the remainder when 143 is divided by (-27)/(-1)*((-104)/24 + 5).
17
Let f(z) = z**3 + 14*z**2 - 2*z - 4. What is the remainder when 94 is divided by f(-14)?
22
Let y be 26/10 + (-2)/(-5). Suppose 0*m = -y*k + 3*m + 39, -m = 5. Calculate the remainder when 23 is divided by k.
7
Suppose -5*x + 185 = -4*r, -x + 111 = 2*x - 4*r. What is the remainder when x is divided by 10?
7
Suppose 0 = -5*w - d - 44, -5*d = 3*w - w + 36. Let u(f) = f**2 + 8*f + 12. Calculate the remainder when 35 is divided by u(w).
11
Suppose o = -3*o + 12. Suppose 5*g + 3*a - 18 - 26 = 0, 0 = 4*g + 2*a - 36. Suppose r - g = -r. Calculate the remainder when r is divided by o.
2
Suppose 14*d + 65 = 19*d. Suppose 2*g - 11 + 3 = 0. What is the remainder when d is divided by g/10 - (-66)/10?
6
Suppose -2 = 5*t - 3*b, 5*t - 22 = -3*b - 0. Suppose -4*q + 2*q + t = 0. Let n(k) = 10*k**2 - 2*k + 1. Calculate the remainder when 26 is divided by n(q).
8
Let t(r) = 2*r - 1. Let f be t(1). Calculate the remainder when (f*-31*1)/(-1) is divided by 11.
9
Let m(j) = 6*j**2 + 4*j + 3. Let r be m(-2). Suppose 5 = -2*o + r. What is the remainder when o is divided by 2?
1
Suppose -v - 7 = -6. Let d = 4 + v. Calculate the remainder when d is divided by 3.
0
Let x(g) = 11*g + 12. Calculate the remainder when x(4) is divided by 15.
11
Let l(s) = s**2 - 7*s + 3. Calculate the remainder when 60 is divided by l(9).
18
Let h = -77 + 119. What is the remainder when h is divided by 11/((4/(-2))/(-2))?
9
Suppose 4*h = 8*h - 224. Calculate the remainder when h is divided by 19.
18
Let l = 1 + 30. Let r = l - 20. What is the remainder when 30 is divided by r?
8
Suppose 3*m - 275 = -2*m. Suppose -y - 2*g = 0, 5*y + 3*g - 4*g = -m. Let v = y - -15. What is the remainder when 14 is divided by v?
4
Let y(g) = 0*g**2 + 3*g**3 + 2*g**2 + 3 - 4*g**3. Let h be y(3). What is the remainder when -12*((-8)/h + -2) is divided by 5?
3
Suppose -2 = -2*h - 0, 2*h = -t + 22. Let z = -6 + t. Let n(c) = -c**3 + 2*c + 6. What is the remainder when n(-3) is divided by z?
13
Suppose 22 = 4*l - 10. Calculate the remainder when l is divided by (-1104)/(-460)*(-5)/(-4).
2
Let a = 104 - 102. Calculate the remainder when 7 is divided by a.
1
Suppose 2*b = -5*r + 21, 0*r = -5*r - 4*b + 17. Calculate the remainder when 22 is divided by r.
2
Let i = 8 + -8. Suppose -5*q + 9 + 1 = i. Calculate the remainder when 6 is divided by q.
0
Suppose 0 = 3*f - 4*f + 2. Suppose -4*z + f = 10. Calculate the remainder when (-21)/(-2 - z - 1) is divided by 11.
10
Suppose 0 = 4*o, -3*q + 95 = -2*o - 100. Suppose -2*y = -2*i + 54, 2 = -i + 2*i + 4*y. Calculate the remainder when q is divided by i.
21
Suppose -w + 8 = 3*v, v - 4*v = -5*w + 112. What is the remainder when w is divided by 7?
6
Suppose -2*z - 3 = -w, 0*z = w - 3*z. Calculate the remainder when 29 is divided by w.
2
Let w(d) = d**3 - 9*d**2 + 8*d + 1. Let t be w(8). Let j(q) = 5*q**3 - q**2 + 2*q - 1. What is the remainder when 9 is divided by j(t)?
4
Let k = 79 - 49. Calculate the remainder when k is divided by 17.
13
Suppose 5 = 4*m + 1. Let x be -3*(m - (-2)/(-3)). Calculate the remainder when (-24)/(-3) - (-1 + x) is divided by 4.
2
What is the remainder when 75 is divided by (-39)/(-2 + 2/4)?
23
Suppose q - 13 = -2. Suppose 4*m = 11 + 5. Calculate the remainder when q is divided by m.
3
Let q(r) be the first derivative of -4*r**3/3 - r**2 + 2*r + 2. Let m be q(4). What is the remainder when (m/6)/((-3)/9) is divided by 12?
11
Suppose -165 = -y - 4*y. Let l(b) = -b**3 - 4*b**2 + 5*b + 2. Let o be l(-5). Calculate the remainder when y is divided by o/(-3) - (-456)/36.
9
Suppose w + 3*n = 1 + 55, 0 = -5*w - 2*n + 215. Calculate the remainder when w is divided by 15.
11
Suppose 7 = -k - u, k = 6*k - u + 5. Let f(v) = v**3 + 3*v**2 + 3*v. Let j be f(-2). What is the remainder when (k - -1)*(-17 + j) is divided by 7?
5
Suppose 0 = -11*m + 9*m + 86. What is the remainder when 166 is divided by m?
37
Suppose 11 = 5*b - 4. Suppose 18 = -b*c - u + 55, 3*c = -4*u + 49. Calculate the remainder when 20 is divided by c.
9
Let p be 0 + (-11 + 1)/(-2). Suppose -r + p = -13. Suppose -4*v - 20 = 0, 4*f + 47 = -4*v + 163. What is the remainder when f is divided by r?
16
Let h(r) = -r + 2. Let a be h(-6). Suppose 0 = -f + a + 35. Let q(g) = -g**2 - 8*g + 3. What is the remainder when f is divided by q(-6)?
13
Let f(o) = 18*o - 19. Calculate the remainder when f(6) is divided by 18.
17
Let q(k) = -2*k - 5. Let b(y) = 4*y + 1. Let o = 3 - 2. What is the remainder when q(-9) is divided by b(o)?
3
Let f = -8 + 17. What is the remainder when ((-30)/f)/((-4)/18) is divided by 9?
6
Let n be (-56)/(-10) - 2/(-5). Suppose -n = -t + 6. Suppose -100 = -3*f + 4*v + 1, -f = 2*v - 37. Calculate the remainder when f is divided by t.
11
Suppose 3*y + 56 + 70 = 0. Suppose -8 = -2*h - 14. Calculate the remainder when 20 is divided by 2/(h*4/y).
6
Let u(z) = 2*z**2 + 7*z + 1. Suppose j + 3 = -3. Let n be u(j). Let a = 46 - n. What is the remainder when 43 is divided by a?
13
Suppose -3*h - 504 = -11*h. What is the remainder when h is divided by 22?
19
Let f(n) = 2*n + 2. What is the remainder when f(1) is divided by 3?
1
Let l be ((-2)/6)/(5/(-30)). Suppose -w = 5*k, w + l*w - k = 32. Suppose -4*t = -2 - w. Calculate the remainder when 5 is divided by t.
2
Let v be -4*(-2 + 2/(-8)). Let z = -5 + v. Let y(i) = 3*i**3 + i**2 - i. Calculate the remainder when z is divided by y(1).
1
Let h = -5 - -19. Calculate the remainder when 148/4 - -2 - 8/(-4) is divided by h.
13
Suppose 3*p + 11 = 35. Calculate the remainder when 55 is divided by p.
7
Calculate the remainder when (57/(-12))/((-2)/8) is divided by 4.
3
Let k = 4 - 1. Let d = -11 - -20. What is the remainder when d is divided by k?
0
Let h be -12 - 4/(-2)*1. Let a = h + 13. What is the remainder when a is divided by 2?
1
Suppose 5*v - 2*l - 60 = 0, -3*l + 45 = 5*v - 2*l. What is the remainder when 27 is divided by v?
7
Let l be 2/12 - (-34)/12. Suppose 4*a - l*y = 137, a + 2*y - 124 = -2*a. What is the remainder when a is divided by 13?
12
Let k(y) = -y**2 - 4*y - 1. What is the remainder when k(-3) is divided by 1?
0
Let t(g) = -18 + 42 - g**2 + 2*g**2 + 23. Calculate the remainder when t(0) is divided by 25.
22
Let c(l) = 2*l + 61. What is the remainder when 145 is divided by c(-12)?
34
Let p = -2 - -2. Suppose 3*h = d - h + 3, p = 4*d - 4*h. What is the remainder when 2 is divided by d?
0
Suppose 0 = -4*w + 41 + 19. Let t = w + -1. Calculate the remainder when (-5)/2*(-416)/40 is divided by t.
12
What is the remainder when 1*1/(-1) - -30 is divided by 16?
13
Let v(a) = 75*a**2 + 1. Let x be v(1). Suppose c = -c + x. Let i = -10 + c. Calculate the remainder when i is divided by 10.
8
Let k(v) = -v**3 + 2*v**2 - v + 2. Let w be k(2). Suppose d - 9 = 3*x, w = 5*d - 0*x - x - 3. What is the remainder when 23 is divided by 9 - (1 + d/(-1))?
7
Let r(z) = 6 + 8*z + 3 + 2*z**2 - z**2. Let x be r(-7). Suppose 0*l = x*l - 34. What is the remainder when 32 is divided by l?
15
Suppose 5*n - 2 = 8. Let l be -2 - 0 - 38*-1. Suppose -5*u + n*x + 77 = 0, 2*x - l = -2*u - 8. What is the remainder when u is divided by 8?
7
Let x(c) = -c - 2. Let k be x(-5). Suppose -k*o = 2*o - 45. Calculate the remainder when 25 is divided by o.
7
Let c(q) = -6*q + 4. Let i be c(-6). Calculate the remainder when ((-4)/2 + i)/1 is divided by 13.
12
Suppose -4*m + m - 13 = 2*u, -4*u + 4 = -4*m. Let k be (m + -2)*(-3)/5. Let d = k - -1. Calculate the remainder when 11 is divided by d.
3
Suppose 11 - 3 = -2*k, 0 = -3*i - k + 17. Suppose -2*m = 5*f + 3, i*m = 3*m + f + 49. What is the remainder when 31 is divided by m?
9
Let i = 37 - 22. Let v = 32 - 3. 